{"id":3388,"date":"2024-12-26T16:21:36","date_gmt":"2024-12-26T16:21:36","guid":{"rendered":"https:\/\/sharknettoyage.fr\/nancy\/?page_id=3388"},"modified":"2024-12-26T16:29:29","modified_gmt":"2024-12-26T16:29:29","slug":"nettoyage-et-desinfection-apres-deces-nancy-en-meurthe-et-moselle-54","status":"publish","type":"page","link":"http:\/\/sharknettoyage.fr\/nancy\/nettoyage-et-desinfection-apres-deces-nancy-en-meurthe-et-moselle-54\/","title":{"rendered":"Nettoyage et d\u00e9sinfection apr\u00e8s d\u00e9c\u00e8s Nancy en Meurthe-et-Moselle 54"},"content":{"rendered":"\t\t<div data-elementor-type=\"wp-page\" data-elementor-id=\"3388\" class=\"elementor elementor-3388\">\n\t\t\t\t<div class=\"elementor-element elementor-element-ee4f50d e-flex e-con-boxed e-con e-parent\" data-id=\"ee4f50d\" data-element_type=\"container\" data-e-type=\"container\">\n\t\t\t\t\t<div class=\"e-con-inner\">\n\t\t\t\t<div class=\"elementor-element elementor-element-0f4f292 elementor-widget elementor-widget-html\" data-id=\"0f4f292\" data-element_type=\"widget\" data-e-type=\"widget\" data-widget_type=\"html.default\">\n\t\t\t\t<div class=\"elementor-widget-container\">\n\t\t\t\t\t<!DOCTYPE html>\r\n<html lang=\"fr\">\r\n<head>\r\n    <meta charset=\"UTF-8\">\r\n    <meta name=\"viewport\" content=\"width=device-width, initial-scale=1.0\">\r\n    <meta name=\"description\" content=\"SHARK NETTOYAGE - Nettoyage et d\u00e9sinfection apr\u00e8s d\u00e9c\u00e8s \u00e0 Nancy et en Meurthe-et-Moselle (54). Services de d\u00e9barras, nettoyage, et d\u00e9sinfection pour tout type de situation.\">\r\n    <meta name=\"keywords\" content=\"Nettoyage apr\u00e8s d\u00e9c\u00e8s Nancy, D\u00e9sinfection Nancy, Nettoyage insalubre Nancy, D\u00e9barras apr\u00e8s d\u00e9c\u00e8s Nancy, Nettoyage Meurthe-et-Moselle\">\r\n    <meta name=\"author\" content=\"SHARK NETTOYAGE\">\r\n    <title>Nettoyage apr\u00e8s d\u00e9c\u00e8s - D\u00e9sinfection \u00e0 Nancy et Meurthe-et-Moselle<\/title>\r\n<\/head>\r\n<body>\r\n    <header>\r\n        <h1>Nettoyage et d\u00e9sinfection apr\u00e8s d\u00e9c\u00e8s Nancy en Meurthe-et-Moselle 54<\/h1>\r\n    <\/header>\r\n\r\n    <section>\r\n        <img decoding=\"async\" src=\"http:\/\/sharknettoyage.fr\/nancy\/wp-content\/uploads\/2024\/12\/What_to_Look_For_in_a_Potential_Cleaning_Employee_1_0191b0e980.webp\" alt=\"Nettoyage apr\u00e8s d\u00e9c\u00e8s \u00e0 Nancy\" style=\"width:100%; max-height:500px; object-fit:cover;\">\r\n        <p>Pour toute demande concernant un nettoyage apr\u00e8s d\u00e9c\u00e8s en Meurthe-et-Moselle, contactez-nous au <strong>0606406431<\/strong>.<\/p>\r\n        <p>L'entreprise de nettoyage <strong>SHARK NETTOYAGE<\/strong> est l\u00e0 pour vous accompagner dans ces moments difficiles et vous soulager de certaines t\u00e2ches telles que le d\u00e9barras, le nettoyage et la d\u00e9sinfection apr\u00e8s d\u00e9c\u00e8s, mort naturelle, suicide, homicide ou syndrome de Diog\u00e8ne \u00e0 Nancy et dans tout le d\u00e9partement de Meurthe-et-Moselle (54).<\/p>\r\n\r\n        <h2>Nos services incluent :<\/h2>\r\n        <ul>\r\n            <li>D\u00e9barras des objets personnels<\/li>\r\n            <li>Nettoyage des t\u00e2ches dues aux fluides corporels<\/li>\r\n            <li>D\u00e9sinfection des lieux pour \u00e9viter toute contamination<\/li>\r\n        <\/ul>\r\n\r\n        <p>Notre objectif est de rendre les lieux rapidement habitables, que ce soit pour une succession ou une vente rapide. Nous proposons \u00e9galement notre service de d\u00e9sinfection pour les logements insalubres, incluant :<\/p>\r\n        <ul>\r\n            <li>Le d\u00e9barras apr\u00e8s un d\u00e9c\u00e8s naturel<\/li>\r\n            <li>Le nettoyage des fluides corporels apr\u00e8s un suicide<\/li>\r\n            <li>La d\u00e9sinfection apr\u00e8s un crime ou un cas de syndrome de Diog\u00e8ne<\/li>\r\n            <li>D\u00e9sinfection des lieux apr\u00e8s une contamination (ex. : coronavirus)<\/li>\r\n        <\/ul>\r\n\r\n        <h2>Exemples de demandes :<\/h2>\r\n        <article>\r\n            <h3>D\u00e9barras et nettoyage d'un appartement apr\u00e8s d\u00e9c\u00e8s \u00e0 Nancy, en Meurthe-et-Moselle (54)<\/h3>\r\n            <p>Bonjour, ce serait pour d\u00e9barrasser et nettoyer un petit appartement d'une superficie d'environ 35 m\u00b2 suite au d\u00e9c\u00e8s de mon fr\u00e8re a\u00een\u00e9. L'appartement, situ\u00e9 Place Henri Mangin \u00e0 Nancy, est dans un \u00e9tat d'insalubrit\u00e9. Il y a quelques v\u00e9lux, une petite salle de bain et deux pi\u00e8ces en mezzanine \u00e0 nettoyer. J\u2019ai d\u00e9j\u00e0 effectu\u00e9 un tri et mis la plupart des d\u00e9chets dans des sacs poubelle laiss\u00e9s sur place. J\u2019esp\u00e8re un d\u00e9lai d\u2019intervention tr\u00e8s court afin de r\u00e9gulariser la situation rapidement.<\/p>\r\n        <\/article>\r\n        <article>\r\n            <h3>Nettoyage apr\u00e8s d\u00e9c\u00e8s d'un appartement \u00e0 Joeuf 54240 - Meurthe-et-Moselle (54)<\/h3>\r\n            <p>J\u2019aimerais avoir un devis concernant un nettoyage apr\u00e8s d\u00e9c\u00e8s dans la commune de Joeuf 54240. Il s\u2019agit d\u2019un appartement o\u00f9 le locataire a \u00e9t\u00e9 retrouv\u00e9 apr\u00e8s 3 jours dans sa salle de bain. Serait-il possible de me rappeler au plus vite pour en discuter ?<\/p>\r\n        <\/article>\r\n\r\n        <h2>Zones d\u2019intervention :<\/h2>\r\n        <p>Nous intervenons pour le d\u00e9barras et nettoyage apr\u00e8s d\u00e9c\u00e8s \u00e0 : Nancy, Vand\u0153uvre-l\u00e8s-Nancy, Lun\u00e9ville, Toul, Villers-l\u00e8s-Nancy, Laxou, Longwy, Pont-\u00e0-Mousson, Saint-Max, Dombasle-sur-Meurthe, Villerupt, Jarville-la-Malgrange, Max\u00e9ville, Jarny, Malz\u00e9ville, Mont-Saint-Martin, Tomblaine, Saint-Nicolas-de-Port et leurs alentours.<\/p>\r\n\r\n        <p>Pour toute information ou demande de devis, contactez <strong>SHARK NETTOYAGE<\/strong> au <strong>0606406431<\/strong> ou visitez notre site web : <a href=\"http:\/\/sharknettoyage.fr\">sharknettoyage.fr<\/a>.<\/p>\r\n    <\/section>\r\n<\/body>\r\n<\/html>\r\n\t\t\t\t<\/div>\n\t\t\t\t<\/div>\n\t\t\t\t\t<\/div>\n\t\t\t\t<\/div>\n\t\t\t\t<\/div>\n\t\t","protected":false},"excerpt":{"rendered":"<p>Nettoyage apr\u00e8s d\u00e9c\u00e8s &#8211; D\u00e9sinfection \u00e0 Nancy et Meurthe-et-Moselle Nettoyage et d\u00e9sinfection apr\u00e8s d\u00e9c\u00e8s Nancy en Meurthe-et-Moselle 54 Pour toute demande concernant un nettoyage apr\u00e8s d\u00e9c\u00e8s en Meurthe-et-Moselle, contactez-nous au 0606406431. L&#8217;entreprise de nettoyage SHARK NETTOYAGE est l\u00e0 pour vous accompagner dans ces moments difficiles et vous soulager de certaines t\u00e2ches telles que le d\u00e9barras, [&hellip;]<\/p>\n","protected":false},"author":1,"featured_media":0,"parent":0,"menu_order":0,"comment_status":"closed","ping_status":"closed","template":"","meta":{"footnotes":""},"class_list":["post-3388","page","type-page","status-publish","hentry"],"aioseo_notices":[],"_links":{"self":[{"href":"http:\/\/sharknettoyage.fr\/nancy\/wp-json\/wp\/v2\/pages\/3388","targetHints":{"allow":["GET"]}}],"collection":[{"href":"http:\/\/sharknettoyage.fr\/nancy\/wp-json\/wp\/v2\/pages"}],"about":[{"href":"http:\/\/sharknettoyage.fr\/nancy\/wp-json\/wp\/v2\/types\/page"}],"author":[{"embeddable":true,"href":"http:\/\/sharknettoyage.fr\/nancy\/wp-json\/wp\/v2\/users\/1"}],"replies":[{"embeddable":true,"href":"http:\/\/sharknettoyage.fr\/nancy\/wp-json\/wp\/v2\/comments?post=3388"}],"version-history":[{"count":5,"href":"http:\/\/sharknettoyage.fr\/nancy\/wp-json\/wp\/v2\/pages\/3388\/revisions"}],"predecessor-version":[{"id":3393,"href":"http:\/\/sharknettoyage.fr\/nancy\/wp-json\/wp\/v2\/pages\/3388\/revisions\/3393"}],"wp:attachment":[{"href":"http:\/\/sharknettoyage.fr\/nancy\/wp-json\/wp\/v2\/media?parent=3388"}],"curies":[{"name":"wp","href":"https:\/\/api.w.org\/{rel}","templated":true}]}}